{"id":310,"date":"2019-09-17T10:08:39","date_gmt":"2019-09-17T08:08:39","guid":{"rendered":"https:\/\/a-anders.de\/?page_id=310"},"modified":"2021-04-13T14:58:35","modified_gmt":"2021-04-13T12:58:35","slug":"heizkamine","status":"publish","type":"page","link":"https:\/\/a-anders.de\/?page_id=310","title":{"rendered":"Heizkamine, Warmluftkamine, geschlossene Kamine"},"content":{"rendered":"\n<h1>Heizkamine bauen wir genauso individuell wie Hellfeuerkamine.<\/h1>\n\n\n\n<p>Bei den Heizkaminen wird ein Heizeinsatz mit Glasscheibe anstelle der offenen Schamottefeuerung eingebaut. Die Glasscheibe kann entweder nur als T\u00fcr ge\u00f6ffnet oder auch hochgeschoben werden.<\/p>\n\n\n\n<figure class=\"wp-block-image is-resized\"><img loading=\"lazy\" src=\"https:\/\/a-anders.de\/wp-content\/uploads\/2019\/09\/S9-hoch-1024x767.jpg\" alt=\"Eckkamin 45\" class=\"wp-image-322\" width=\"512\" height=\"384\" srcset=\"https:\/\/a-anders.de\/wp-content\/uploads\/2019\/09\/S9-hoch-1024x767.jpg 1024w, https:\/\/a-anders.de\/wp-content\/uploads\/2019\/09\/S9-hoch-300x225.jpg 300w, https:\/\/a-anders.de\/wp-content\/uploads\/2019\/09\/S9-hoch-768x575.jpg 768w\" sizes=\"(max-width: 512px) 100vw, 512px\" \/><figcaption>Eckkamin 45 Natursteinbank<\/figcaption><\/figure>\n\n\n\n<p>Die Eins\u00e4tze liefern wir in diversen verschiedenen Formen und Gr\u00f6\u00dfen mit schwarzem, vergoldetem oder verchromtem Rahmen.<\/p>\n\n\n\n<p>Sie k\u00f6nnen sich aussuchen, ob Sie den Kamin f\u00fcr Holz- oder Gasbetrieb haben m\u00f6chten.<br><br>Bei den Heizkaminen mit Glast\u00fcren k\u00f6nnen Sie das Flammenspiel sehen und in Ruhe genie\u00dfen.<br><br>Der Vorteil der Heizkamine besteht darin, da\u00df man diese Kamine bei geschlossener Glasscheibeder Vor auch einmal unbeaufsichtigt benutzen kann. In der \u00dcbergangszeit k\u00f6nnen sie als Heizungsersatz dienen. \u00dcber die einzubauenden Warmluftgitter str\u00f6mt herrlich warme Luft in den Raum.<br><br><\/p>\n\n\n\n<figure class=\"wp-block-image is-resized\"><img loading=\"lazy\" src=\"https:\/\/a-anders.de\/wp-content\/uploads\/2019\/09\/PICT0013-1024x768.jpg\" alt=\"Eckkamin schwarz\" class=\"wp-image-275\" width=\"512\" height=\"384\" srcset=\"https:\/\/a-anders.de\/wp-content\/uploads\/2019\/09\/PICT0013-1024x768.jpg 1024w, https:\/\/a-anders.de\/wp-content\/uploads\/2019\/09\/PICT0013-300x225.jpg 300w, https:\/\/a-anders.de\/wp-content\/uploads\/2019\/09\/PICT0013-768x576.jpg 768w, https:\/\/a-anders.de\/wp-content\/uploads\/2019\/09\/PICT0013.jpg 1600w\" sizes=\"(max-width: 512px) 100vw, 512px\" \/><figcaption>Eckkamin schwarz<\/figcaption><\/figure>\n\n\n\n<p>Die Gestaltung Ihres Traumheizkamins f\u00fchren wir ebenso individuell wie die des Hell- feuerkamins aus. Sie kann erfolgen:<\/p>\n\n\n\n<ul><li>-in modernem Design,<\/li><li>-rustikal gemauert oder geputzt ,<\/li><li>-klassisch elegant mit Natursteinverkleidung &#8211; wie zum Beispiel Marmor -,<\/li><li>-mit Ofenkacheln in den unterschiedlichsten Formen und Farben.<\/li><\/ul>\n\n\n\n<p>Der Gestaltungsvielfach sind fast keine Grenzen gesetzt.<\/p>\n\n\n\n<p>Am lodernden Kaminfeuer sitzen und das Flammenspiel im Kamin genie\u00dfen dient zur Entspannung und Erholung<\/p>\n\n\n\n<figure class=\"wp-block-gallery columns-4 is-cropped\"><ul class=\"blocks-gallery-grid\"><li class=\"blocks-gallery-item\"><figure><a href=\"https:\/\/a-anders.de\/wp-content\/uploads\/2019\/09\/PICT0013-1024x768.jpg\"><img loading=\"lazy\" width=\"1024\" height=\"768\" src=\"https:\/\/a-anders.de\/wp-content\/uploads\/2019\/09\/PICT0013-1024x768.jpg\" alt=\"Eckkamin schwarz\" data-id=\"275\" data-link=\"https:\/\/a-anders.de\/?attachment_id=275\" class=\"wp-image-275\" srcset=\"https:\/\/a-anders.de\/wp-content\/uploads\/2019\/09\/PICT0013-1024x768.jpg 1024w, https:\/\/a-anders.de\/wp-content\/uploads\/2019\/09\/PICT0013-300x225.jpg 300w, https:\/\/a-anders.de\/wp-content\/uploads\/2019\/09\/PICT0013-768x576.jpg 768w, https:\/\/a-anders.de\/wp-content\/uploads\/2019\/09\/PICT0013.jpg 1600w\" sizes=\"(max-width: 767px) 89vw, (max-width: 1000px) 54vw, (max-width: 1071px) 543px, 580px\" \/><\/a><figcaption class=\"blocks-gallery-item__caption\">Eckkamin schwarz<\/figcaption><\/figure><\/li><li class=\"blocks-gallery-item\"><figure><a href=\"https:\/\/a-anders.de\/wp-content\/uploads\/2019\/09\/P1000557-683x1024.jpg\"><img loading=\"lazy\" width=\"683\" height=\"1024\" src=\"https:\/\/a-anders.de\/wp-content\/uploads\/2019\/09\/P1000557-683x1024.jpg\" alt=\"\" data-id=\"246\" data-link=\"https:\/\/a-anders.de\/?attachment_id=246\" class=\"wp-image-246\" srcset=\"https:\/\/a-anders.de\/wp-content\/uploads\/2019\/09\/P1000557-683x1024.jpg 683w, https:\/\/a-anders.de\/wp-content\/uploads\/2019\/09\/P1000557-200x300.jpg 200w, https:\/\/a-anders.de\/wp-content\/uploads\/2019\/09\/P1000557-768x1152.jpg 768w, https:\/\/a-anders.de\/wp-content\/uploads\/2019\/09\/P1000557.jpg 2048w\" sizes=\"(max-width: 683px) 100vw, 683px\" \/><\/a><figcaption class=\"blocks-gallery-item__caption\">kleiner Heizkamin<\/figcaption><\/figure><\/li><li class=\"blocks-gallery-item\"><figure><a href=\"https:\/\/a-anders.de\/wp-content\/uploads\/2019\/09\/100_0650-769x1024.jpg\"><img loading=\"lazy\" width=\"769\" height=\"1024\" src=\"https:\/\/a-anders.de\/wp-content\/uploads\/2019\/09\/100_0650-769x1024.jpg\" alt=\"\" data-id=\"40\" data-link=\"https:\/\/a-anders.de\/?attachment_id=40\" class=\"wp-image-40\" srcset=\"https:\/\/a-anders.de\/wp-content\/uploads\/2019\/09\/100_0650-769x1024.jpg 769w, https:\/\/a-anders.de\/wp-content\/uploads\/2019\/09\/100_0650-225x300.jpg 225w, https:\/\/a-anders.de\/wp-content\/uploads\/2019\/09\/100_0650-768x1022.jpg 768w\" sizes=\"(max-width: 767px) 89vw, (max-width: 1000px) 54vw, (max-width: 1071px) 543px, 580px\" \/><\/a><\/figure><\/li><li class=\"blocks-gallery-item\"><figure><a href=\"https:\/\/a-anders.de\/wp-content\/uploads\/2019\/09\/Zehendner_EkkoU_843457h-1024x654.jpg\"><img loading=\"lazy\" width=\"1024\" height=\"654\" src=\"https:\/\/a-anders.de\/wp-content\/uploads\/2019\/09\/Zehendner_EkkoU_843457h-1024x654.jpg\" alt=\"\" data-id=\"36\" data-link=\"https:\/\/a-anders.de\/?attachment_id=36\" class=\"wp-image-36\" srcset=\"https:\/\/a-anders.de\/wp-content\/uploads\/2019\/09\/Zehendner_EkkoU_843457h-1024x654.jpg 1024w, https:\/\/a-anders.de\/wp-content\/uploads\/2019\/09\/Zehendner_EkkoU_843457h-300x192.jpg 300w, https:\/\/a-anders.de\/wp-content\/uploads\/2019\/09\/Zehendner_EkkoU_843457h-768x490.jpg 768w\" sizes=\"(max-width: 767px) 89vw, (max-width: 1000px) 54vw, (max-width: 1071px) 543px, 580px\" \/><\/a><\/figure><\/li><li class=\"blocks-gallery-item\"><figure><a href=\"https:\/\/a-anders.de\/wp-content\/uploads\/2019\/09\/S19_Kristall_NeuerGriff-1024x680.jpg\"><img loading=\"lazy\" width=\"1024\" height=\"680\" src=\"https:\/\/a-anders.de\/wp-content\/uploads\/2019\/09\/S19_Kristall_NeuerGriff-1024x680.jpg\" alt=\"\" data-id=\"35\" data-link=\"https:\/\/a-anders.de\/?attachment_id=35\" class=\"wp-image-35\" srcset=\"https:\/\/a-anders.de\/wp-content\/uploads\/2019\/09\/S19_Kristall_NeuerGriff-1024x680.jpg 1024w, https:\/\/a-anders.de\/wp-content\/uploads\/2019\/09\/S19_Kristall_NeuerGriff-300x199.jpg 300w, https:\/\/a-anders.de\/wp-content\/uploads\/2019\/09\/S19_Kristall_NeuerGriff-768x510.jpg 768w\" sizes=\"(max-width: 767px) 89vw, (max-width: 1000px) 54vw, (max-width: 1071px) 543px, 580px\" \/><\/a><\/figure><\/li><li class=\"blocks-gallery-item\"><figure><a href=\"https:\/\/a-anders.de\/wp-content\/uploads\/2019\/09\/S16_NeuerGriff-1024x654.jpg\"><img loading=\"lazy\" width=\"1024\" height=\"654\" src=\"https:\/\/a-anders.de\/wp-content\/uploads\/2019\/09\/S16_NeuerGriff-1024x654.jpg\" alt=\"\" data-id=\"34\" data-link=\"https:\/\/a-anders.de\/?attachment_id=34\" class=\"wp-image-34\" srcset=\"https:\/\/a-anders.de\/wp-content\/uploads\/2019\/09\/S16_NeuerGriff-1024x654.jpg 1024w, https:\/\/a-anders.de\/wp-content\/uploads\/2019\/09\/S16_NeuerGriff-300x191.jpg 300w, https:\/\/a-anders.de\/wp-content\/uploads\/2019\/09\/S16_NeuerGriff-768x490.jpg 768w\" sizes=\"(max-width: 767px) 89vw, (max-width: 1000px) 54vw, (max-width: 1071px) 543px, 580px\" \/><\/a><\/figure><\/li><li class=\"blocks-gallery-item\"><figure><a href=\"https:\/\/a-anders.de\/wp-content\/uploads\/2019\/09\/Lina_7363h-1024x683.jpg\"><img loading=\"lazy\" width=\"1024\" height=\"683\" src=\"https:\/\/a-anders.de\/wp-content\/uploads\/2019\/09\/Lina_7363h-1024x683.jpg\" alt=\"\" data-id=\"33\" data-link=\"https:\/\/a-anders.de\/?attachment_id=33\" class=\"wp-image-33\" srcset=\"https:\/\/a-anders.de\/wp-content\/uploads\/2019\/09\/Lina_7363h-1024x683.jpg 1024w, https:\/\/a-anders.de\/wp-content\/uploads\/2019\/09\/Lina_7363h-300x200.jpg 300w, https:\/\/a-anders.de\/wp-content\/uploads\/2019\/09\/Lina_7363h-768x512.jpg 768w\" sizes=\"(max-width: 767px) 89vw, (max-width: 1000px) 54vw, (max-width: 1071px) 543px, 580px\" \/><\/a><\/figure><\/li><li class=\"blocks-gallery-item\"><figure><a href=\"https:\/\/a-anders.de\/wp-content\/uploads\/2019\/09\/Zehendner_LinaTV_12057_h-1024x674.jpg\"><img loading=\"lazy\" width=\"1024\" height=\"674\" src=\"https:\/\/a-anders.de\/wp-content\/uploads\/2019\/09\/Zehendner_LinaTV_12057_h-1024x674.jpg\" alt=\"\" data-id=\"37\" data-link=\"https:\/\/a-anders.de\/?attachment_id=37\" class=\"wp-image-37\" srcset=\"https:\/\/a-anders.de\/wp-content\/uploads\/2019\/09\/Zehendner_LinaTV_12057_h-1024x674.jpg 1024w, https:\/\/a-anders.de\/wp-content\/uploads\/2019\/09\/Zehendner_LinaTV_12057_h-300x197.jpg 300w, https:\/\/a-anders.de\/wp-content\/uploads\/2019\/09\/Zehendner_LinaTV_12057_h-768x505.jpg 768w\" sizes=\"(max-width: 767px) 89vw, (max-width: 1000px) 54vw, (max-width: 1071px) 543px, 580px\" \/><\/a><\/figure><\/li><li class=\"blocks-gallery-item\"><figure><a href=\"https:\/\/a-anders.de\/wp-content\/uploads\/2019\/09\/Ekko_L_674557s-1019x1024.jpg\"><img loading=\"lazy\" width=\"1019\" height=\"1024\" src=\"https:\/\/a-anders.de\/wp-content\/uploads\/2019\/09\/Ekko_L_674557s-1019x1024.jpg\" alt=\"\" data-id=\"27\" data-link=\"https:\/\/a-anders.de\/?attachment_id=27\" class=\"wp-image-27\" srcset=\"https:\/\/a-anders.de\/wp-content\/uploads\/2019\/09\/Ekko_L_674557s-1019x1024.jpg 1019w, https:\/\/a-anders.de\/wp-content\/uploads\/2019\/09\/Ekko_L_674557s-150x150.jpg 150w, https:\/\/a-anders.de\/wp-content\/uploads\/2019\/09\/Ekko_L_674557s-298x300.jpg 298w, https:\/\/a-anders.de\/wp-content\/uploads\/2019\/09\/Ekko_L_674557s-768x772.jpg 768w, https:\/\/a-anders.de\/wp-content\/uploads\/2019\/09\/Ekko_L_674557s-100x100.jpg 100w, https:\/\/a-anders.de\/wp-content\/uploads\/2019\/09\/Ekko_L_674557s.jpg 1720w\" sizes=\"(max-width: 767px) 89vw, (max-width: 1000px) 54vw, (max-width: 1071px) 543px, 580px\" \/><\/a><\/figure><\/li><li class=\"blocks-gallery-item\"><figure><a href=\"https:\/\/a-anders.de\/wp-content\/uploads\/2019\/09\/LinaW_6751s-1024x622.jpg\"><img loading=\"lazy\" width=\"1024\" height=\"622\" src=\"https:\/\/a-anders.de\/wp-content\/uploads\/2019\/09\/LinaW_6751s-1024x622.jpg\" alt=\"\" data-id=\"31\" data-link=\"https:\/\/a-anders.de\/?attachment_id=31\" class=\"wp-image-31\" srcset=\"https:\/\/a-anders.de\/wp-content\/uploads\/2019\/09\/LinaW_6751s-1024x622.jpg 1024w, https:\/\/a-anders.de\/wp-content\/uploads\/2019\/09\/LinaW_6751s-300x182.jpg 300w, https:\/\/a-anders.de\/wp-content\/uploads\/2019\/09\/LinaW_6751s-768x466.jpg 768w\" sizes=\"(max-width: 767px) 89vw, (max-width: 1000px) 54vw, (max-width: 1071px) 543px, 580px\" \/><\/a><\/figure><\/li><li class=\"blocks-gallery-item\"><figure><a href=\"https:\/\/a-anders.de\/wp-content\/uploads\/2019\/09\/Lifestyle_Kitchen_S14_NeuerGriff-1024x769.jpg\"><img loading=\"lazy\" width=\"1024\" height=\"769\" src=\"https:\/\/a-anders.de\/wp-content\/uploads\/2019\/09\/Lifestyle_Kitchen_S14_NeuerGriff-1024x769.jpg\" alt=\"\" data-id=\"30\" data-link=\"https:\/\/a-anders.de\/?attachment_id=30\" class=\"wp-image-30\" srcset=\"https:\/\/a-anders.de\/wp-content\/uploads\/2019\/09\/Lifestyle_Kitchen_S14_NeuerGriff-1024x769.jpg 1024w, https:\/\/a-anders.de\/wp-content\/uploads\/2019\/09\/Lifestyle_Kitchen_S14_NeuerGriff-300x225.jpg 300w, https:\/\/a-anders.de\/wp-content\/uploads\/2019\/09\/Lifestyle_Kitchen_S14_NeuerGriff-768x576.jpg 768w\" sizes=\"(max-width: 767px) 89vw, (max-width: 1000px) 54vw, (max-width: 1071px) 543px, 580px\" \/><\/a><\/figure><\/li><li class=\"blocks-gallery-item\"><figure><a href=\"https:\/\/a-anders.de\/wp-content\/uploads\/2019\/09\/Lina_5557h-1024x683.jpg\"><img loading=\"lazy\" width=\"1024\" height=\"683\" src=\"https:\/\/a-anders.de\/wp-content\/uploads\/2019\/09\/Lina_5557h-1024x683.jpg\" alt=\"\" data-id=\"32\" data-link=\"https:\/\/a-anders.de\/?attachment_id=32\" class=\"wp-image-32\" srcset=\"https:\/\/a-anders.de\/wp-content\/uploads\/2019\/09\/Lina_5557h-1024x683.jpg 1024w, https:\/\/a-anders.de\/wp-content\/uploads\/2019\/09\/Lina_5557h-300x200.jpg 300w, https:\/\/a-anders.de\/wp-content\/uploads\/2019\/09\/Lina_5557h-768x513.jpg 768w\" sizes=\"(max-width: 767px) 89vw, (max-width: 1000px) 54vw, (max-width: 1071px) 543px, 580px\" \/><\/a><\/figure><\/li><li class=\"blocks-gallery-item\"><figure><a href=\"https:\/\/a-anders.de\/wp-content\/uploads\/2019\/09\/EkkoW_L_674551h-1024x724.jpg\"><img loading=\"lazy\" width=\"1024\" height=\"724\" src=\"https:\/\/a-anders.de\/wp-content\/uploads\/2019\/09\/EkkoW_L_674551h-1024x724.jpg\" alt=\"\" data-id=\"23\" data-link=\"https:\/\/a-anders.de\/?attachment_id=23\" class=\"wp-image-23\" srcset=\"https:\/\/a-anders.de\/wp-content\/uploads\/2019\/09\/EkkoW_L_674551h-1024x724.jpg 1024w, https:\/\/a-anders.de\/wp-content\/uploads\/2019\/09\/EkkoW_L_674551h-300x212.jpg 300w, https:\/\/a-anders.de\/wp-content\/uploads\/2019\/09\/EkkoW_L_674551h-768x543.jpg 768w\" sizes=\"(max-width: 767px) 89vw, (max-width: 1000px) 54vw, (max-width: 1071px) 543px, 580px\" \/><\/a><\/figure><\/li><li class=\"blocks-gallery-item\"><figure><a href=\"https:\/\/a-anders.de\/wp-content\/uploads\/2019\/09\/948S-rom.-W.-Kamin2_S20_Retro_NeuerGriff-1024x683.jpg\"><img loading=\"lazy\" width=\"1024\" height=\"683\" src=\"https:\/\/a-anders.de\/wp-content\/uploads\/2019\/09\/948S-rom.-W.-Kamin2_S20_Retro_NeuerGriff-1024x683.jpg\" alt=\"Heizkamine\" data-id=\"21\" data-link=\"https:\/\/a-anders.de\/?attachment_id=21\" class=\"wp-image-21\" srcset=\"https:\/\/a-anders.de\/wp-content\/uploads\/2019\/09\/948S-rom.-W.-Kamin2_S20_Retro_NeuerGriff-1024x683.jpg 1024w, https:\/\/a-anders.de\/wp-content\/uploads\/2019\/09\/948S-rom.-W.-Kamin2_S20_Retro_NeuerGriff-300x200.jpg 300w, https:\/\/a-anders.de\/wp-content\/uploads\/2019\/09\/948S-rom.-W.-Kamin2_S20_Retro_NeuerGriff-768x512.jpg 768w\" sizes=\"(max-width: 767px) 89vw, (max-width: 1000px) 54vw, (max-width: 1071px) 543px, 580px\" \/><\/a><figcaption class=\"blocks-gallery-item__caption\">Heizkamine<\/figcaption><\/figure><\/li><\/ul><\/figure>\n\n\n\n<h2><\/h2>\n\n\n\n<p><strong>Anders Axel &amp; Andre Anders GbR<br>B\u00f6hmersweg 3<br>D-20148 Hamburg<\/strong><\/p>\n\n\n\n<p><strong>Tel.: (+49) 040\/ 44 43 67<br>Fax.: (+49) 040\/ 44 82 67<br>E-Mail: info@a-anders.de<\/strong><\/p>\n\n\n\n<p><\/p>\n\n\n\n<p><a href=\"https:\/\/a-anders.de\/?page_id=364\">Kontakt<\/a><\/p>\n","protected":false},"excerpt":{"rendered":"<p>Heizkamine bauen wir genauso individuell wie Hellfeuerkamine. Bei den Heizkaminen wird ein Heizeinsatz mit Glasscheibe anstelle der offenen Schamottefeuerung eingebaut. Die Glasscheibe kann entweder nur als T\u00fcr ge\u00f6ffnet oder auch hochgeschoben werden. Die Eins\u00e4tze liefern wir in diversen verschiedenen Formen und Gr\u00f6\u00dfen mit schwarzem, vergoldetem oder verchromtem Rahmen. Sie k\u00f6nnen sich aussuchen, ob Sie den &hellip; <\/p>\n<p class=\"link-more\"><a href=\"https:\/\/a-anders.de\/?page_id=310\" class=\"more-link\"><span class=\"screen-reader-text\">\u201eHeizkamine, Warmluftkamine, geschlossene Kamine\u201c <\/span>weiterlesen<\/a><\/p>\n","protected":false},"author":1,"featured_media":38,"parent":2,"menu_order":0,"comment_status":"closed","ping_status":"closed","template":"","meta":[],"_links":{"self":[{"href":"https:\/\/a-anders.de\/index.php?rest_route=\/wp\/v2\/pages\/310"}],"collection":[{"href":"https:\/\/a-anders.de\/index.php?rest_route=\/wp\/v2\/pages"}],"about":[{"href":"https:\/\/a-anders.de\/index.php?rest_route=\/wp\/v2\/types\/page"}],"author":[{"embeddable":true,"href":"https:\/\/a-anders.de\/index.php?rest_route=\/wp\/v2\/users\/1"}],"replies":[{"embeddable":true,"href":"https:\/\/a-anders.de\/index.php?rest_route=%2Fwp%2Fv2%2Fcomments&post=310"}],"version-history":[{"count":21,"href":"https:\/\/a-anders.de\/index.php?rest_route=\/wp\/v2\/pages\/310\/revisions"}],"predecessor-version":[{"id":578,"href":"https:\/\/a-anders.de\/index.php?rest_route=\/wp\/v2\/pages\/310\/revisions\/578"}],"up":[{"embeddable":true,"href":"https:\/\/a-anders.de\/index.php?rest_route=\/wp\/v2\/pages\/2"}],"wp:featuredmedia":[{"embeddable":true,"href":"https:\/\/a-anders.de\/index.php?rest_route=\/wp\/v2\/media\/38"}],"wp:attachment":[{"href":"https:\/\/a-anders.de\/index.php?rest_route=%2Fwp%2Fv2%2Fmedia&parent=310"}],"curies":[{"name":"wp","href":"https:\/\/api.w.org\/{rel}","templated":true}]}}