{"id":313,"date":"2019-09-17T13:17:06","date_gmt":"2019-09-17T11:17:06","guid":{"rendered":"https:\/\/a-anders.de\/?page_id=313"},"modified":"2019-09-26T11:24:38","modified_gmt":"2019-09-26T09:24:38","slug":"datenschutzerklaerung","status":"publish","type":"page","link":"https:\/\/a-anders.de\/?page_id=313","title":{"rendered":"Datenschutzerkl\u00e4rung"},"content":{"rendered":"\n<h1>Datenschutzerkl\u00e4rung DSGVO2018<\/h1>\n\n\n\n<p><em><br>Datenschutz ist uns sehr wichtig! Der Schutz Ihrer personenbezogenen Daten wird bei der Nutzung der Webseiten www.detex.de sehr ernst genommen. Nachfolgend werden Sie \u00fcber die Erhebung, die Verarbeitung und die Nutzung Ihrer personenbezogenen Daten informiert, wenn Sie diese Webseiten besuchen und die dort angebotenen Services und Dienstleistungen nutzen. 1. Information zu personenbezogenen Daten (1) Personenbezogene Daten sind solche Einzelangaben, die sich auf eine Person beziehen oder die geeignet sind, einen Bezug zu einer Person herzustellen, wie z. B. der Name, die Post-Adresse, eine Telefonnummer, eine E-Mail-Adresse, die Bankverbindung etc. Durch personenbezogene Daten kann unter Umst\u00e4nden somit auf die Identit\u00e4t einer Person r\u00fcckgeschlossen werden. (2) Diensteanbieter gem. \u00a7 13 Telemediengesetz (TMG) und verantwortliche Stelle gem\u00e4\u00df Bundesdatenschutzgesetz (BDSG) und Datenschutzgrundverordnung (DSGVO) ist: Axel &amp; Andree Anders GbR B\u00f6hmersweg 3 20148 Hamburg-Harvestehude (Germany) Tel.: (+49) 040\/ 44 43 67 Fax.: (+49) 040\/ 44 82 67 E-Mail: info@a-anders.de 2. Betroffenenrechte Im Zusammenhang mit unserer Verarbeitung Ihrer Daten haben Sie folgende Rechte: (1) Recht auf Auskunft gem\u00e4\u00df Art. 15 DSGVO \u00fcber die Verarbeitung Ihrer personenbezogenen Daten durch uns zu Verarbeitungszweck, Kategorien verarbeiteter Daten, Empf\u00e4nger oder Empf\u00e4ngerkategorien, Dauer der Speicherung oder Kriterien f\u00fcr die Festlegung der Dauer, Recht auf Berichtigung, L\u00f6schung, Einschr\u00e4nkung der Verarbeitung oder Widerspruch gegen die Verarbeitung, Beschwerderecht bei der Aufsichtsbeh\u00f6rde, ggf. Informationen \u00fcber die Herkunft der Daten und das Bestehen einer automatisierten Entscheidungsfindung und ggf. Unterrichtung \u00fcber Garantien gem\u00e4\u00df Art. 46 DSGVO bei \u00dcbermittlung an ein Drittland oder internationale Organisationen; (2) Recht auf unverz\u00fcgliche Berichtigung unrichtiger oder Vervollst\u00e4ndigung unvollst\u00e4ndiger personenbezogener Daten gem\u00e4\u00df Art. 16 DSGVO; (3) Recht auf L\u00f6schung der gespeicherten personenbezogenen Daten gem\u00e4\u00df Art. 17 DSGVO, wenn die Daten f\u00fcr die Zwecke, f\u00fcr die sie erhoben oder auf sonstige Weise verarbeitet wurden, nicht mehr notwendig sind, wenn eine erteilte Einwilligung widerrufen wurde und es an einer anderweitigen Rechtsgrundlage fehlt, wenn Widerspruch gegen die Verarbeitung eingelegt wurde und die Daten gem\u00e4\u00df Art. 21 Abs. 1 oder 2 DSGVO nicht mehr verarbeitet werden d\u00fcrfen, wenn die Daten unrechtm\u00e4\u00dfig verarbeitet wurden, wenn die L\u00f6schung zur Erf\u00fcllung einer rechtlichen Verpflichtung erforderlich ist oder wenn die Daten in Bezug auf angebotene Dienste einer Informationsgesellschaft gem\u00e4\u00df Art. 8 Abs. 1 DSGVO erhoben wurden. Dies gilt nicht, soweit die Verarbeitung zur Aus\u00fcbung des Rechts auf freie Meinungs\u00e4u\u00dferung und Information, Erf\u00fcllung einer rechtlichen Verpflichtung, aus Gr\u00fcnden des \u00f6ffentlichen Interesses oder zur Geltendmachung, Aus\u00fcbung oder Verteidigung von Rechtsanspr\u00fcchen erforderlich ist; (4) Recht auf Einschr\u00e4nkung der Verarbeitung gem\u00e4\u00df Art. 18 DSGVO, wenn Sie die Richtigkeit der Daten bestreiten (und zwar f\u00fcr die Dauer, die f\u00fcr eine \u00dcberpr\u00fcfung der Richtigkeit erforderlich ist), wenn die Verarbeitung unrechtm\u00e4\u00dfig ist, Sie aber die L\u00f6schung ablehnen und stattdessen die Einschr\u00e4nkung der Nutzung verlangen, wenn wir die Daten f\u00fcr die Zwecke der Verarbeitung nicht l\u00e4nger ben\u00f6tigen, Sie die Daten jedoch zur Geltendmachung, Aus\u00fcbung oder Verteidigung von Rechtsanspr\u00fcchen ben\u00f6tigen, oder wenn Sie Widerspruch gegen die Verarbeitung gem\u00e4\u00df Art. 21 Abs. 1 DSGVO eingelegt haben, solange noch nicht feststeht, ob unsere berechtigten Gr\u00fcnde Ihre berechtigten Gr\u00fcnde \u00fcberwiegen; (5) Widerspruchsrecht gegen die Verarbeitung Ihrer personenbezogenen Daten gem\u00e4\u00df Art. 21 Abs. 2 DSGVO (wenn die Daten zum Zwecke der Direktwerbung verarbeitet werden) oder gem\u00e4\u00df Art. 21 Abs. 1 DSGVO (wenn die Verarbeitung gem\u00e4\u00df Art. 6 Abs. 1 S. 1 e) oder f) DSGVO erfolgt, aus Gr\u00fcnden, die sich aus Ihrer besonderen Situation ergeben, es sei denn, wir haben zwingende schutzw\u00fcrdige Gr\u00fcnde f\u00fcr die Verarbeitung, die Ihre Interessen \u00fcberwiegen, oder die Verarbeitung dient der Geltendmachung, Aus\u00fcbung oder Verteidigung von Rechtsanspr\u00fcchen). N\u00e4here Informationen zum Widerspruchsrecht entnehmen Sie bitte auch Ziffer 23. unten; (6) Recht auf Daten\u00fcbertragbarkeit gem\u00e4\u00df Art. 20 DSGVO, d.h. auf Erhalt der Sie betreffenden personenbezogenen Daten, die Sie uns bereitgestellt haben, in einem strukturierten, g\u00e4ngigen und maschinenlesbaren Format oder auch auf \u00dcbermittlung an einen anderen Verantwortlichen; (7) Recht zum jederzeitigen Widerruf einer erteilten Einwilligung gem\u00e4\u00df Art. 7 Abs. 3 DSGVO. Der Widerruf hat zur Folge, dass wir ab dem Zeitpunkt des Widerrufs die Datenverarbeitung f\u00fcr die Zukunft nicht mehr durchf\u00fchren d\u00fcrfen. Vgl. hierzu auch Ziffer 24. unten; (8) Recht zur Beschwerde bei einer Aufsichtsbeh\u00f6rde gem\u00e4\u00df Art. 77 DSGVO. Die f\u00fcr uns zust\u00e4ndige Aufsichtsbeh\u00f6rde finden Sie unter Ziffer 4. oben. Das Beschwerderecht gilt unbeschadet anderweitiger verwaltungsrechtlicher oder gerichtlicher Rechtsbehelfe. (9) Alle Informationsw\u00fcnsche, Auskunftsanfragen oder Widerspr\u00fcche zur Datenverarbeitung richten Sie bitte per E-Mail an info@a-anders.de der an die unter Punkt 1 Abs. 2 genannte Adresse. 3. Automatisierte Entscheidungsfindung Eine automatisierte Entscheidungsfindung wird hier nicht angewandt. 4. Aufsichtsbeh\u00f6rde Die Anschrift der f\u00fcr uns zust\u00e4ndigen Aufsichtsbeh\u00f6rde lautet: Der Hamburgische Beauftragte f\u00fcr Datenschutz und Informationsfreiheit Klosterwall 6 (Block C) 20095 Hamburg Tel: 040\/428 54 &#8211; 4040 Fax: 040 \/ 4279 &#8211; 11811 E-Mail: mailbox@datenschutz.hamburg.de 5. Speicherung von Zugriffsdaten (1) Bei jedem Zugriff auf unseren Internetauftritt werden Zugriffsdaten in einer Protokolldatei auf dem Server unseres Providers gespeichert. (2) Dieser Datensatz besteht z.B. aus Ihrer IP-Adresse, Datum und Uhrzeit der Anforderung, dem Namen der angeforderten Datei, der \u00fcbertragenen Dateimenge und dem Zugriffsstatus, einer Beschreibung des verwendeten Webbrowsers und Betriebssystems sowie dem Namen Ihres Internet Service Providers. (3) Diese Daten werden aus technischen Gr\u00fcnden erhoben. Eine Auswertung findet ausschlie\u00dflich zu statistischen Zwecken und ohne Personenbezug (Besucherzahlen und Seitenpopularit\u00e4t) statt. Eine L\u00f6schung erfolgt automatisch nach sp\u00e4testens 14 Tagen. 6. Erhebung personenbezogener Daten bei informatorischer Nutzung (1) Bei der blo\u00df informatorischen Nutzung der Website, also wenn Sie sich nicht zur Nutzung der Website anmelden, registrieren oder uns sonst Informationen \u00fcbermitteln, erheben wir keine personenbezogenen Daten, mit Ausnahme der unter 5.2 erw\u00e4hnten Daten, die Ihr Browser \u00fcbermittelt, um Ihnen den Besuch der Website technisch zu erm\u00f6glichen. (2) Bei der Nutzung der Website werden derzeit keine sogenannten Cookies auf Ihrem Rechner gespeichert. 7. Nutzung von Funktionen unserer Website (1) Neben der rein informatorischen Nutzung unserer Website bieten wir verschiedene Leistungen an, die Sie bei Interesse nutzen k\u00f6nnen. Dazu m\u00fcssen Sie in der Regel weitere pers\u00f6nliche Daten angeben, die wir zur Erbringung der jeweiligen Leistung nutzen. Wenn zus\u00e4tzliche freiwillige Angaben m\u00f6glich sind, sind diese entsprechend gekennzeichnet. (2) Bei Ihrer Kontaktaufnahme mit dem Diensteanbieter per E-Mail oder \u00fcber das Kontaktformular wird Ihre E-Mail-Adresse und, falls Sie dies angeben, Ihr Name und Ihre Telefonnummer von uns gespeichert, um Ihre Fragen zu beantworten. 8. Kontaktformular Sie haben auf unserer Website die M\u00f6glichkeit, uns \u00fcber das Formular &#8222;Kontakt&#8220; verschl\u00fcsselt eine E-Mail mit Ihrem Anliegen zuzusenden. Hier k\u00f6nnen Sie z.B. Fragen zu unserem Unternehmen, unseren Produkten oder unseren Dienstleistungen stellen. Um Ihr Anliegen bearbeiten zu k\u00f6nnen, bitten wir Sie in unserer Eingabemaske um Angabe von personenbezogenen Daten. Hierzu z\u00e4hlen Ihr Name sowie Ihre E-Mail-Adresse und weitere Informationen wie den Gegenstand Ihrer Anfrage und Ihren Mitteilungstext. Neben den Pflichtfeldern k\u00f6nnen Sie auch zus\u00e4tzliche Informationen angeben. Optional k\u00f6nnen Anschrift und\/oder Telefonnummer angegeben werden. Diese abgefragten Informationen erm\u00f6glichen uns, auf Ihr Anliegen umfassend eingehen zu k\u00f6nnen. Die Mitteilung der von Ihnen in diesem Zusammenhang angegebenen Daten erfolgt ausdr\u00fccklich auf freiwilliger Basis. Die uns \u00fcbermittelten personenbezogenen Daten aus Ihren o.g. Angaben sowie der Zeitpunkt der Kontaktaufnahme werden ausschlie\u00dflich f\u00fcr den Zweck verwendet, zu dem Sie uns diese bei der Kontaktierung zur Verf\u00fcgung stellen &#8211; insbesondere die Bearbeitung Ihrer Anfrage. Die von Ihnen erteilten Informationen werden ausschlie\u00dflich dazu verwendet, Ihre Anfrage zu bearbeiten. Die Daten werden ohne Ihre ausdr\u00fcckliche Einwilligung nicht f\u00fcr andere Zwecke verwendet oder an Dritte weitergegeben. Ausgenommen hiervon sind &#8211; sofern es zur Erf\u00fcllung Ihre Anfrage notwendig ist &#8211; Rechtsgrundlage f\u00fcr die Datenverarbeitung ist Art. 6 Abs. 1 S. 1 f) DSGVO. Unser berechtigtes Interesse besteht darin, dass wir Ihre Daten ben\u00f6tigen, um Ihre Mitteilung bearbeiten bzw. beantworten zu k\u00f6nnen. 9. Haftung f\u00fcr Inhalte Die Inhalte unserer Seiten wurden mit gr\u00f6\u00dfter Sorgfalt erstellt. F\u00fcr die Richtigkeit, Vollst\u00e4ndigkeit und Aktualit\u00e4t der Inhalte k\u00f6nnen wir jedoch keine Gew\u00e4hr \u00fcbernehmen. Als Diensteanbieter sind wir gem\u00e4\u00df \u00a7 7 Abs.1 TMG f\u00fcr eigene Inhalte auf diesen Seiten nach den allgemeinen Gesetzen verantwortlich. Nach \u00a7\u00a7 8 bis 10 TMG sind wir als Diensteanbieter jedoch nicht verpflichtet, \u00fcbermittelte oder gespeicherte fremde Informationen zu \u00fcberwachen oder nach Umst\u00e4nden zu forschen, die auf eine rechtswidrige T\u00e4tigkeit hinweisen. Verpflichtungen zur Entfernung oder Sperrung der Nutzung von Informationen nach den allgemeinen Gesetzen bleiben hiervon unber\u00fchrt. Eine diesbez\u00fcgliche Haftung ist jedoch erst ab dem Zeitpunkt der Kenntnis einer konkreten Rechtsverletzung m\u00f6glich. Bei Bekanntwerden von entsprechenden Rechtsverletzungen werden wir diese Inhalte umgehend entfernen. 10. Haftung f\u00fcr Links Unsere Seiten enthalten eventuell Links zu externen Webseiten Dritter, auf deren Inhalte wir keinen Einfluss haben. Deshalb k\u00f6nnen wir f\u00fcr diese fremden Inhalte auch keine Gew\u00e4hr \u00fcbernehmen. F\u00fcr die Inhalte der verlinkten Seiten ist stets der jeweilige Anbieter oder Betreiber der Seiten verantwortlich. Die verlinkten Seiten wurden zum Zeitpunkt der Verlinkung auf m\u00f6gliche Rechtsverst\u00f6\u00dfe \u00fcberpr\u00fcft. Rechtswidrige Inhalte waren zum Zeitpunkt der Verlinkung nicht erkennbar. Eine permanente inhaltliche Kontrolle der verlinkten Seiten ist jedoch ohne konkrete Anhaltspunkte einer Rechtsverletzung nicht zumutbar. Bei Bekanntwerden von Rechtsverletzungen werden wir derartige Links umgehend entfernen. 11. Datensicherheit Wir sichern unsere Website und sonstigen Systeme durch geeignete technische und organisatorische Ma\u00dfnahmen gegen Verlust, Zerst\u00f6rung, Zugriff, Ver\u00e4nderung oder Verbreitung Ihrer Daten durch unbefugte Personen. Trotz regelm\u00e4\u00dfiger Kontrollen ist ein vollst\u00e4ndiger Schutz gegen alle Gefahren jedoch nicht m\u00f6glich. Unsere Website verwendet zur Verschl\u00fcsselung den Industriestandard SSL (Secure Sockets Layer). Dadurch wird die Vertraulichkeit Ihrer pers\u00f6nlichen Angaben \u00fcber das Internet gew\u00e4hrleistet. Ob eine verschl\u00fcsselte \u00dcbertragung stattfindet, erkennen Sie anhand des geschlossenen Schl\u00fcssel-\/bzw. Schloss-Symbols in der Anzeige Ihres Browsers. 12. Weitergabe von Daten Eine Weitergabe Ihrer personenbezogenen Daten an Dritte erfolgt nur, &#8211; wenn Sie hierzu Ihre ausdr\u00fcckliche Einwilligung gem\u00e4\u00df Art. 6 Abs. 1 S. 1 a) DSGOV erteilt haben; &#8211; wenn die Weitergabe zur Erf\u00fcllung von vertraglichen Pflichten gem\u00e4\u00df Art. 6 Abs. 1 S. 1 b) DSGVO erforderlich ist; &#8211; wenn wir zur Weitergabe der Daten gesetzlich verpflichtet i.S.d. Art. 6 Abs. 1 S. 1 c) DSGVO sind; &#8211; wenn die Weitergabe der Daten im \u00f6ffentlichen Interesse i.S.d. Art. 6 Abs. 1 e) DSGVO liegt oder; &#8211; wenn die Weitergabe der Daten nach Art. 6 Abs. 1 S. 1 f) DSGVO zur Wahrung unserer berechtigten Interessen oder der berechtigten Interessen eines Dritten erforderlich ist, sofern nicht Ihre Interessen an dem Schutz Ihrer Daten \u00fcberwiegen. 13. Datenkategorien Wir verarbeiten nachfolgende Kategorien von Daten: Stammdaten (wie zum Beispiel Name, Vorname, Adresse, Geburtsdatum), Kommunikationsdaten, Vertragsdaten, Forderungsdaten, ggf. Zahlungs- und Verzugsinformationen. Siehe hierzu die obenstehenden Informationen. 14. Drittempf\u00e4nger Um Ihre Anliegen zufriedenstellend bearbeiten zu k\u00f6nnen, kann es sein, dass wir Ihre personenbezogenen Daten an Drittempf\u00e4nger weitergeben m\u00fcssen. 15. Dauer der Speicherung personenbezogener Daten Ihre Daten werden von uns so lange gespeichert, wie sie f\u00fcr die jeweiligen der Verarbeitung zugrunde liegenden Zwecke ben\u00f6tigt werden. Dar\u00fcber hinaus speichern wir Daten nur, soweit wir hierzu rechtlich verpflichtet sind, z.B. aufgrund gesetzlicher Aufbewahrungspflichten. 16. Informationen zum Widerspruchsrecht Ein Widerspruch gegen die Verarbeitung Sie betreffender personenbezogener Daten, auf Grund von Artikel 6 Abs. 1 e) (Datenverarbeitung um \u00f6ffentlichen Interesse) oder f) (Datenverarbeitung zur Wahrung berechtigter Interessen auf Grundlage einer Interessenabw\u00e4gung) ist gem\u00e4\u00df Artikel 21 DSGVO jederzeit m\u00f6glich. Im Falle eines Widerspruches werden die personenbezogenen Daten nicht mehr verarbeitet, es sei denn, es werden zwingende schutzw\u00fcrdige Gr\u00fcnde f\u00fcr die Verarbeitung nachgewiesen, die die Interessen, Rechte und Freiheiten der betroffenen Person \u00fcberwiegen oder die Verarbeitung dient der Geltendmachung, Aus\u00fcbung oder Verteidigung von Rechtsanspr\u00fcchen. Bitte richten Sie Ihren Widerspruch an die E-Mailadresse info@detex.de. 17. Informationen zum Widerrufsrecht Sofern Sie uns gegen\u00fcber eine Einwilligung in die Verarbeitung personenbezogener Daten erteilt haben, k\u00f6nnen Sie diese jederzeit uns gegen\u00fcber widerrufen. Selbstverst\u00e4ndlich gilt dies auch f\u00fcr uns gegen\u00fcber vor dem 25. Mai 2018 (vor der Geltung der DSGVO) erteilte Einwilligungserkl\u00e4rungen. Der Widerruf einer Einwilligung kann immer erst f\u00fcr die Zukunft Geltung entfalten. Die Rechtm\u00e4\u00dfigkeit der Verarbeitung wird durch einen Widerruf nicht r\u00fcckwirkend beseitigt. Bitte richten Sie Ihren Widerruf per E-Mail an info@detex.de 18. Social Plugins: Auf unserer Website werden keine sogenannte Social Plugins (&#8222;Plugins&#8220;) der sozialen Netzwerke Facebook und Google+, des Mikroblogging-Dienstes Twitter sowie der Plattformen XING, LinkedIn, Instagram, Pinterest und Youtube verwendet. 19. Aktualit\u00e4t Diese Datenschutzerkl\u00e4rung hat den Stand 24.05.2018. Sie ist die aktuelle und g\u00fcltige Fassung unserer Datenschutzerkl\u00e4rung. Wir weisen jedoch darauf hin, dass von Zeit zu Zeit auf Grund tats\u00e4chlicher oder gesetzlicher \u00c4nderungen eine \u00dcberarbeitung an dieser Datenschutzerkl\u00e4rung notwendig werden kann. 20. Datenschutzbeauftragter Bei Datenschutzfragen oder zur Einsicht oder <\/em><\/p>\n\n\n\n<h2><em>Aktualisierung Ihrer personenbezogenen Daten k\u00f6nnen Sie sich gerne an uns wenden: Axel &amp; Andree Anders GbR B\u00f6hmersweg 3 20148 Hamburg-Harvestehude (Germany) Tel.: (+49) 040\/ 44 43 67 Fax.: (+49) 040\/ 44 82 67 E-Mail: info@a-anders.de oder schicken Sie eine E-Mail-Nachricht an: info@a-anders.de<\/em><\/h2>\n\n\n\n<p><\/p>\n\n\n\n<p>Die Adresse unserer Website ist: https:\/\/a-anders.de.<\/p>\n","protected":false},"excerpt":{"rendered":"<p>Datenschutzerkl\u00e4rung DSGVO2018 Datenschutz ist uns sehr wichtig! Der Schutz Ihrer personenbezogenen Daten wird bei der Nutzung der Webseiten www.detex.de sehr ernst genommen. Nachfolgend werden Sie \u00fcber die Erhebung, die Verarbeitung und die Nutzung Ihrer personenbezogenen Daten informiert, wenn Sie diese Webseiten besuchen und die dort angebotenen Services und Dienstleistungen nutzen. 1. Information zu personenbezogenen Daten &hellip; <\/p>\n<p class=\"link-more\"><a href=\"https:\/\/a-anders.de\/?page_id=313\" class=\"more-link\"><span class=\"screen-reader-text\">\u201eDatenschutzerkl\u00e4rung\u201c <\/span>weiterlesen<\/a><\/p>\n","protected":false},"author":1,"featured_media":0,"parent":0,"menu_order":0,"comment_status":"closed","ping_status":"closed","template":"","meta":[],"_links":{"self":[{"href":"https:\/\/a-anders.de\/index.php?rest_route=\/wp\/v2\/pages\/313"}],"collection":[{"href":"https:\/\/a-anders.de\/index.php?rest_route=\/wp\/v2\/pages"}],"about":[{"href":"https:\/\/a-anders.de\/index.php?rest_route=\/wp\/v2\/types\/page"}],"author":[{"embeddable":true,"href":"https:\/\/a-anders.de\/index.php?rest_route=\/wp\/v2\/users\/1"}],"replies":[{"embeddable":true,"href":"https:\/\/a-anders.de\/index.php?rest_route=%2Fwp%2Fv2%2Fcomments&post=313"}],"version-history":[{"count":2,"href":"https:\/\/a-anders.de\/index.php?rest_route=\/wp\/v2\/pages\/313\/revisions"}],"predecessor-version":[{"id":560,"href":"https:\/\/a-anders.de\/index.php?rest_route=\/wp\/v2\/pages\/313\/revisions\/560"}],"wp:attachment":[{"href":"https:\/\/a-anders.de\/index.php?rest_route=%2Fwp%2Fv2%2Fmedia&parent=313"}],"curies":[{"name":"wp","href":"https:\/\/api.w.org\/{rel}","templated":true}]}}