{"id":344,"date":"2019-09-17T14:32:02","date_gmt":"2019-09-17T12:32:02","guid":{"rendered":"https:\/\/a-anders.de\/?page_id=344"},"modified":"2021-04-13T15:02:06","modified_gmt":"2021-04-13T13:02:06","slug":"bioalkohol","status":"publish","type":"page","link":"https:\/\/a-anders.de\/?page_id=344","title":{"rendered":"Bioalkohol Kamine"},"content":{"rendered":"\n<h1>Feuer ohne Schornstein<\/h1>\n\n\n\n<p>Der Brennstoff Bioethanol verbrennt nahezu rauch- und&nbsp;ru\u00dffrei.<br>Bei der Verbrennung verbleiben haupts\u00e4chlich Kohlendioxid&nbsp;und Wasser, und zwar ungef\u00e4hr so viel, wie eine Pflanze im Wachstum absorbiert. Ein weiterer Vorteil ist, dass beim Kaminfeuer mit Alkohol in der Regel kein Anschluss an einen Schornstein ben\u00f6tigt wird &#8211; und es brennt auch noch mit einer sch\u00f6nen Flamme! Bitte beachten Sie aber, dass Kamine mit Bioalkohol grunds\u00e4tzlich nicht zum Heizen geeignet sind; man erfreut sich hier vielmehr ausschlie\u00dflich an dem sch\u00f6nen Flammenbild.<\/p>\n\n\n\n<figure class=\"wp-block-gallery columns-3 is-cropped\"><ul class=\"blocks-gallery-grid\"><li class=\"blocks-gallery-item\"><figure><a href=\"https:\/\/a-anders.de\/wp-content\/uploads\/2019\/09\/P1000409_0001-683x1024.jpg\"><img loading=\"lazy\" width=\"683\" height=\"1024\" src=\"https:\/\/a-anders.de\/wp-content\/uploads\/2019\/09\/P1000409_0001-683x1024.jpg\" alt=\"\" data-id=\"466\" data-link=\"https:\/\/a-anders.de\/?attachment_id=466\" class=\"wp-image-466\" srcset=\"https:\/\/a-anders.de\/wp-content\/uploads\/2019\/09\/P1000409_0001-683x1024.jpg 683w, https:\/\/a-anders.de\/wp-content\/uploads\/2019\/09\/P1000409_0001-200x300.jpg 200w, https:\/\/a-anders.de\/wp-content\/uploads\/2019\/09\/P1000409_0001-768x1152.jpg 768w, https:\/\/a-anders.de\/wp-content\/uploads\/2019\/09\/P1000409_0001.jpg 2048w\" sizes=\"(max-width: 683px) 100vw, 683px\" \/><\/a><\/figure><\/li><li class=\"blocks-gallery-item\"><figure><a href=\"https:\/\/a-anders.de\/wp-content\/uploads\/2019\/09\/LF11.jpg\"><img loading=\"lazy\" width=\"433\" height=\"531\" src=\"https:\/\/a-anders.de\/wp-content\/uploads\/2019\/09\/LF11.jpg\" alt=\"\" data-id=\"468\" data-link=\"https:\/\/a-anders.de\/?attachment_id=468\" class=\"wp-image-468\" srcset=\"https:\/\/a-anders.de\/wp-content\/uploads\/2019\/09\/LF11.jpg 433w, https:\/\/a-anders.de\/wp-content\/uploads\/2019\/09\/LF11-245x300.jpg 245w\" sizes=\"(max-width: 433px) 100vw, 433px\" \/><\/a><\/figure><\/li><li class=\"blocks-gallery-item\"><figure><a href=\"https:\/\/a-anders.de\/wp-content\/uploads\/2019\/09\/LF13.jpg\"><img loading=\"lazy\" width=\"765\" height=\"722\" src=\"https:\/\/a-anders.de\/wp-content\/uploads\/2019\/09\/LF13.jpg\" alt=\"\" data-id=\"465\" data-link=\"https:\/\/a-anders.de\/?attachment_id=465\" class=\"wp-image-465\" srcset=\"https:\/\/a-anders.de\/wp-content\/uploads\/2019\/09\/LF13.jpg 765w, https:\/\/a-anders.de\/wp-content\/uploads\/2019\/09\/LF13-300x283.jpg 300w\" sizes=\"(max-width: 706px) 89vw, (max-width: 767px) 82vw, 740px\" \/><\/a><\/figure><\/li><\/ul><\/figure>\n\n\n\n<h2><\/h2>\n\n\n\n<p><strong>Anders Axel &amp; Andre Anders GbR<br>B\u00f6hmersweg 3<br>D-20148 Hamburg<\/strong><\/p>\n\n\n\n<p><strong>Tel.: (+49) 040\/ 44 43 67<br>Fax.: (+49) 040\/ 44 82 67<br>E-Mail: info@a-anders.de<\/strong><\/p>\n\n\n\n<p><\/p>\n\n\n\n<p><a href=\"https:\/\/a-anders.de\/?page_id=364\">Kontakt<\/a><\/p>\n","protected":false},"excerpt":{"rendered":"<p>Feuer ohne Schornstein Der Brennstoff Bioethanol verbrennt nahezu rauch- und&nbsp;ru\u00dffrei.Bei der Verbrennung verbleiben haupts\u00e4chlich Kohlendioxid&nbsp;und Wasser, und zwar ungef\u00e4hr so viel, wie eine Pflanze im Wachstum absorbiert. Ein weiterer Vorteil ist, dass beim Kaminfeuer mit Alkohol in der Regel kein Anschluss an einen Schornstein ben\u00f6tigt wird &#8211; und es brennt auch noch mit einer sch\u00f6nen &hellip; <\/p>\n<p class=\"link-more\"><a href=\"https:\/\/a-anders.de\/?page_id=344\" class=\"more-link\"><span class=\"screen-reader-text\">\u201eBioalkohol Kamine\u201c <\/span>weiterlesen<\/a><\/p>\n","protected":false},"author":1,"featured_media":59,"parent":0,"menu_order":0,"comment_status":"closed","ping_status":"closed","template":"","meta":[],"_links":{"self":[{"href":"https:\/\/a-anders.de\/index.php?rest_route=\/wp\/v2\/pages\/344"}],"collection":[{"href":"https:\/\/a-anders.de\/index.php?rest_route=\/wp\/v2\/pages"}],"about":[{"href":"https:\/\/a-anders.de\/index.php?rest_route=\/wp\/v2\/types\/page"}],"author":[{"embeddable":true,"href":"https:\/\/a-anders.de\/index.php?rest_route=\/wp\/v2\/users\/1"}],"replies":[{"embeddable":true,"href":"https:\/\/a-anders.de\/index.php?rest_route=%2Fwp%2Fv2%2Fcomments&post=344"}],"version-history":[{"count":9,"href":"https:\/\/a-anders.de\/index.php?rest_route=\/wp\/v2\/pages\/344\/revisions"}],"predecessor-version":[{"id":583,"href":"https:\/\/a-anders.de\/index.php?rest_route=\/wp\/v2\/pages\/344\/revisions\/583"}],"wp:featuredmedia":[{"embeddable":true,"href":"https:\/\/a-anders.de\/index.php?rest_route=\/wp\/v2\/media\/59"}],"wp:attachment":[{"href":"https:\/\/a-anders.de\/index.php?rest_route=%2Fwp%2Fv2%2Fmedia&parent=344"}],"curies":[{"name":"wp","href":"https:\/\/api.w.org\/{rel}","templated":true}]}}